{"id":424,"date":"2019-11-23T19:57:37","date_gmt":"2019-11-23T18:57:37","guid":{"rendered":"http:\/\/172.105.75.139\/?page_id=424"},"modified":"2026-03-15T11:20:02","modified_gmt":"2026-03-15T10:20:02","slug":"hofossdagen-2013","status":"publish","type":"page","link":"https:\/\/www.hofosshistorieforening.no\/?page_id=424","title":{"rendered":"Hofossdagen &#8211; 2013"},"content":{"rendered":"\n<p> L\u00f8rdag 29. juni 2013: Rundt 120 mennesker samlet seg p\u00e5 tunet i T\u00e6sstun og bidro til en hyggelig Hofossdagen 2013, den andre i rekken. Thor Olsen holdt et morsomt og rikholdig&nbsp;foredrag&nbsp;i vognskjulet, om sin oppvekst p\u00e5 Hofoss p\u00e5 1950-tallet. I fj\u00f8set underholdt Tor Aarstad med gitar, sang og historier. Ola Skaare viste oss et utvalg av sine veterantraktorer, og Sigsten Holen tok med seg sin veteranbil. Elisabeth Haug bidro med en dekorativ og spennende fotografiutstilling med tittel &#8220;Hofoss\/Strand&#8221;. <\/p>\n\n\n\n<div class=\"wp-block-columns is-layout-flex wp-container-core-columns-is-layout-9d6595d7 wp-block-columns-is-layout-flex\">\n<div class=\"wp-block-column is-layout-flow wp-block-column-is-layout-flow\">\n<figure class=\"wp-block-image size-full\"><img loading=\"lazy\" decoding=\"async\" width=\"398\" height=\"224\" src=\"https:\/\/www.hofosshistorieforening.no\/wp-content\/uploads\/2019\/11\/Tor-Aarstad-underholder.jpg\" alt=\"\" class=\"wp-image-430\" srcset=\"https:\/\/www.hofosshistorieforening.no\/wp-content\/uploads\/2019\/11\/Tor-Aarstad-underholder.jpg 398w, https:\/\/www.hofosshistorieforening.no\/wp-content\/uploads\/2019\/11\/Tor-Aarstad-underholder-300x169.jpg 300w, https:\/\/www.hofosshistorieforening.no\/wp-content\/uploads\/2019\/11\/Tor-Aarstad-underholder-150x84.jpg 150w\" sizes=\"auto, (max-width: 398px) 100vw, 398px\" \/><figcaption class=\"wp-element-caption\">Tor Aarstad underholder<\/figcaption><\/figure>\n\n\n\n<figure class=\"wp-block-image size-full is-resized\"><img loading=\"lazy\" decoding=\"async\" width=\"398\" height=\"224\" src=\"https:\/\/www.hofosshistorieforening.no\/wp-content\/uploads\/2019\/11\/Elisabeth-Haugs-fotoutstilling.jpg\" alt=\"\" class=\"wp-image-427\" style=\"width:398px;height:auto\" srcset=\"https:\/\/www.hofosshistorieforening.no\/wp-content\/uploads\/2019\/11\/Elisabeth-Haugs-fotoutstilling.jpg 398w, https:\/\/www.hofosshistorieforening.no\/wp-content\/uploads\/2019\/11\/Elisabeth-Haugs-fotoutstilling-300x169.jpg 300w, https:\/\/www.hofosshistorieforening.no\/wp-content\/uploads\/2019\/11\/Elisabeth-Haugs-fotoutstilling-150x84.jpg 150w\" sizes=\"auto, (max-width: 398px) 100vw, 398px\" \/><figcaption class=\"wp-element-caption\">Elisabeth Haug med fotoutstillingen &#8220;Hofoss\/Strand&#8221;<\/figcaption><\/figure>\n\n\n\n<figure class=\"wp-block-image size-full\"><img loading=\"lazy\" decoding=\"async\" width=\"398\" height=\"224\" src=\"https:\/\/www.hofosshistorieforening.no\/wp-content\/uploads\/2019\/11\/Thor-Olsen-holder-foredrag.jpg\" alt=\"\" class=\"wp-image-429\" srcset=\"https:\/\/www.hofosshistorieforening.no\/wp-content\/uploads\/2019\/11\/Thor-Olsen-holder-foredrag.jpg 398w, https:\/\/www.hofosshistorieforening.no\/wp-content\/uploads\/2019\/11\/Thor-Olsen-holder-foredrag-300x169.jpg 300w, https:\/\/www.hofosshistorieforening.no\/wp-content\/uploads\/2019\/11\/Thor-Olsen-holder-foredrag-150x84.jpg 150w\" sizes=\"auto, (max-width: 398px) 100vw, 398px\" \/><figcaption class=\"wp-element-caption\">Thor Olsen holder foredrag om sin oppvekst p\u00e5 Hofoss<\/figcaption><\/figure>\n<\/div>\n\n\n\n<div class=\"wp-block-column is-layout-flow wp-block-column-is-layout-flow\">\n<figure class=\"wp-block-image size-full is-resized\"><img loading=\"lazy\" decoding=\"async\" width=\"399\" height=\"224\" src=\"https:\/\/www.hofosshistorieforening.no\/wp-content\/uploads\/2019\/11\/Traktorer.jpg\" alt=\"\" class=\"wp-image-431\" style=\"width:399px;height:auto\" srcset=\"https:\/\/www.hofosshistorieforening.no\/wp-content\/uploads\/2019\/11\/Traktorer.jpg 399w, https:\/\/www.hofosshistorieforening.no\/wp-content\/uploads\/2019\/11\/Traktorer-300x168.jpg 300w, https:\/\/www.hofosshistorieforening.no\/wp-content\/uploads\/2019\/11\/Traktorer-150x84.jpg 150w\" sizes=\"auto, (max-width: 399px) 100vw, 399px\" \/><figcaption class=\"wp-element-caption\">Traktorutstilling<\/figcaption><\/figure>\n\n\n\n<figure class=\"wp-block-image size-full\"><img loading=\"lazy\" decoding=\"async\" width=\"398\" height=\"224\" src=\"https:\/\/www.hofosshistorieforening.no\/wp-content\/uploads\/2019\/11\/samling-foran-l\u00e5ven.jpg\" alt=\"\" class=\"wp-image-428\" srcset=\"https:\/\/www.hofosshistorieforening.no\/wp-content\/uploads\/2019\/11\/samling-foran-l\u00e5ven.jpg 398w, https:\/\/www.hofosshistorieforening.no\/wp-content\/uploads\/2019\/11\/samling-foran-l\u00e5ven-300x169.jpg 300w, https:\/\/www.hofosshistorieforening.no\/wp-content\/uploads\/2019\/11\/samling-foran-l\u00e5ven-150x84.jpg 150w\" sizes=\"auto, (max-width: 398px) 100vw, 398px\" \/><figcaption class=\"wp-element-caption\">P\u00e5 tunet i T\u00e6sstun<\/figcaption><\/figure>\n<\/div>\n<\/div>\n\n\n\n<p>Alle bildene er tatt av Asgeir Norheim<\/p>\n\n\n\n<hr class=\"wp-block-separator has-text-color has-vivid-cyan-blue-color has-css-opacity has-vivid-cyan-blue-background-color has-background is-style-wide\"\/>\n\n\n\n<p class=\"has-text-align-center has-large-font-size\">Program for dagen<\/p>\n\n\n\n<p class=\"has-text-align-center\">Kj\u00e6re alle med l\u00f8s eller fast tilknytning til Hofoss:&nbsp;<\/p>\n\n\n\n<p class=\"has-text-align-center has-medium-font-size\">Velkommen til<\/p>\n\n\n\n<p class=\"has-text-align-center has-large-font-size\"><strong>Hofossdagen<\/strong><\/p>\n\n\n\n<p class=\"has-text-align-center has-medium-font-size\">L\u00f8rdag 29. juni 2013, kl. 13 &#8211; 17<\/p>\n\n\n\n<p class=\"has-text-align-center has-medium-font-size\"><strong>Program<\/strong><\/p>\n\n\n\n<div class=\"wp-block-columns is-layout-flex wp-container-core-columns-is-layout-9d6595d7 wp-block-columns-is-layout-flex\">\n<div class=\"wp-block-column is-layout-flow wp-block-column-is-layout-flow\" style=\"flex-basis:18.87%\"><\/div>\n\n\n\n<div class=\"wp-block-column is-layout-flow wp-block-column-is-layout-flow\" style=\"flex-basis:61.13%\">\n<ol class=\"wp-block-list\">\n<li> Velkommen v\/Dag Kjensjord <\/li>\n\n\n\n<li> Foredrag v\/Thor Olsen: Om Hofoss p\u00e5 1950-tallet <\/li>\n\n\n\n<li> Kaffe og kaker <\/li>\n\n\n\n<li> Musikalsk innslag ved Tor Aarstad <\/li>\n\n\n\n<li> Vi g\u00e5r kulturstien om kvenna, \u00c5flodammen og posteringa <\/li>\n<\/ol>\n<\/div>\n\n\n\n<div class=\"wp-block-column is-layout-flow wp-block-column-is-layout-flow\" style=\"flex-basis:20%\"><\/div>\n<\/div>\n\n\n\n<hr class=\"wp-block-separator has-text-color has-vivid-cyan-blue-color has-css-opacity has-vivid-cyan-blue-background-color has-background is-style-wide\"\/>\n\n\n\n<p><strong>Utstilling i l\u00e5ven v\/ Elisabeth Haug<\/strong><br>Ta gjerne med noe \u00e5 sitte p\u00e5; ta ogs\u00e5 med egne fortellinger og minner fra Hofoss. Vi m\u00f8tes p\u00e5 tunet i T\u00e6sstu\u2019n.<\/p>\n\n\n\n<p>Sp\u00f8rsm\u00e5l kan rettes til Erlend Strand p\u00e5 <a href=\"mailto:erlendstr@gmail.com\">erlendstr@gmail.com<\/a>, 99 27 37 92 eller <a href=\"https:\/\/www.facebook.com\/groups\/471340152880267\/\">Facebook-gruppa<\/a> til Hofoss historieforening.<\/p>\n\n\n\n<p>Med hilsen<br><strong>Hofoss historieforening<\/strong><br><\/p>\n\n\n\n<p class=\"has-medium-font-size\"><strong>Linker til foredrag og sanger<\/strong><\/p>\n\n\n\n<ul class=\"wp-block-list\">\n<li><a href=\"https:\/\/www.hofosshistorieforening.no\/?page_id=441\">Thors foredrag <\/a><\/li>\n\n\n\n<li><a href=\"https:\/\/www.hofosshistorieforening.no\/?page_id=449\">Sanger fremf\u00f8rt av Tor Aarstad<\/a> (tekster og noteark)<\/li>\n<\/ul>\n\n\n\n<p><\/p>\n","protected":false},"excerpt":{"rendered":"<p>L\u00f8rdag 29. juni 2013: Rundt 120 mennesker samlet seg p\u00e5 tunet i T\u00e6sstun og bidro til en hyggelig Hofossdagen 2013, den andre i rekken. Thor Olsen holdt et morsomt og rikholdig&nbsp;foredrag&nbsp;i vognskjulet, om sin oppvekst p\u00e5 Hofoss p\u00e5 1950-tallet. I fj\u00f8set underholdt Tor Aarstad med gitar, sang og historier. Ola&#8230;<\/p>\n<p> <a class=\"continue-reading-link\" href=\"https:\/\/www.hofosshistorieforening.no\/?page_id=424\"><span>Continue reading<\/span><i class=\"crycon-right-dir\"><\/i><\/a> <\/p>\n","protected":false},"author":2,"featured_media":0,"parent":0,"menu_order":0,"comment_status":"closed","ping_status":"closed","template":"","meta":{"footnotes":""},"class_list":["post-424","page","type-page","status-publish","hentry"],"_links":{"self":[{"href":"https:\/\/www.hofosshistorieforening.no\/index.php?rest_route=\/wp\/v2\/pages\/424","targetHints":{"allow":["GET"]}}],"collection":[{"href":"https:\/\/www.hofosshistorieforening.no\/index.php?rest_route=\/wp\/v2\/pages"}],"about":[{"href":"https:\/\/www.hofosshistorieforening.no\/index.php?rest_route=\/wp\/v2\/types\/page"}],"author":[{"embeddable":true,"href":"https:\/\/www.hofosshistorieforening.no\/index.php?rest_route=\/wp\/v2\/users\/2"}],"replies":[{"embeddable":true,"href":"https:\/\/www.hofosshistorieforening.no\/index.php?rest_route=%2Fwp%2Fv2%2Fcomments&post=424"}],"version-history":[{"count":12,"href":"https:\/\/www.hofosshistorieforening.no\/index.php?rest_route=\/wp\/v2\/pages\/424\/revisions"}],"predecessor-version":[{"id":1425,"href":"https:\/\/www.hofosshistorieforening.no\/index.php?rest_route=\/wp\/v2\/pages\/424\/revisions\/1425"}],"wp:attachment":[{"href":"https:\/\/www.hofosshistorieforening.no\/index.php?rest_route=%2Fwp%2Fv2%2Fmedia&parent=424"}],"curies":[{"name":"wp","href":"https:\/\/api.w.org\/{rel}","templated":true}]}}

<p> Lørdag 29. juni 2013: Rundt 120 mennesker samlet seg på tunet i Tæsstun og bidro til en hyggelig Hofossdagen 2013, den andre i rekken. Thor Olsen holdt et morsomt og rikholdig&nbsp;foredrag&nbsp;i vognskjulet, om sin oppvekst på Hofoss på 1950-tallet. I fjøset underholdt Tor Aarstad med gitar, sang og historier. Ola Skaare viste oss et utvalg av sine veterantraktorer, og Sigsten Holen tok med seg sin veteranbil. Elisabeth Haug bidro med en dekorativ og spennende fotografiutstilling med tittel &#8220;Hofoss/Strand&#8221;. </p>



<div class="wp-block-columns is-layout-flex wp-container-core-columns-is-layout-9d6595d7 wp-block-columns-is-layout-flex">
<div class="wp-block-column is-layout-flow wp-block-column-is-layout-flow">
<figure class="wp-block-image size-full"><img loading="lazy" decoding="async" width="398" height="224" src="https://www.hofosshistorieforening.no/wp-content/uploads/2019/11/Tor-Aarstad-underholder.jpg" alt="" class="wp-image-430" srcset="https://www.hofosshistorieforening.no/wp-content/uploads/2019/11/Tor-Aarstad-underholder.jpg 398w, https://www.hofosshistorieforening.no/wp-content/uploads/2019/11/Tor-Aarstad-underholder-300x169.jpg 300w, https://www.hofosshistorieforening.no/wp-content/uploads/2019/11/Tor-Aarstad-underholder-150x84.jpg 150w" sizes="auto, (max-width: 398px) 100vw, 398px" /><figcaption class="wp-element-caption">Tor Aarstad underholder</figcaption></figure>



<figure class="wp-block-image size-full is-resized"><img loading="lazy" decoding="async" width="398" height="224" src="https://www.hofosshistorieforening.no/wp-content/uploads/2019/11/Elisabeth-Haugs-fotoutstilling.jpg" alt="" class="wp-image-427" style="width:398px;height:auto" srcset="https://www.hofosshistorieforening.no/wp-content/uploads/2019/11/Elisabeth-Haugs-fotoutstilling.jpg 398w, https://www.hofosshistorieforening.no/wp-content/uploads/2019/11/Elisabeth-Haugs-fotoutstilling-300x169.jpg 300w, https://www.hofosshistorieforening.no/wp-content/uploads/2019/11/Elisabeth-Haugs-fotoutstilling-150x84.jpg 150w" sizes="auto, (max-width: 398px) 100vw, 398px" /><figcaption class="wp-element-caption">Elisabeth Haug med fotoutstillingen &#8220;Hofoss/Strand&#8221;</figcaption></figure>



<figure class="wp-block-image size-full"><img loading="lazy" decoding="async" width="398" height="224" src="https://www.hofosshistorieforening.no/wp-content/uploads/2019/11/Thor-Olsen-holder-foredrag.jpg" alt="" class="wp-image-429" srcset="https://www.hofosshistorieforening.no/wp-content/uploads/2019/11/Thor-Olsen-holder-foredrag.jpg 398w, https://www.hofosshistorieforening.no/wp-content/uploads/2019/11/Thor-Olsen-holder-foredrag-300x169.jpg 300w, https://www.hofosshistorieforening.no/wp-content/uploads/2019/11/Thor-Olsen-holder-foredrag-150x84.jpg 150w" sizes="auto, (max-width: 398px) 100vw, 398px" /><figcaption class="wp-element-caption">Thor Olsen holder foredrag om sin oppvekst på Hofoss</figcaption></figure>
</div>



<div class="wp-block-column is-layout-flow wp-block-column-is-layout-flow">
<figure class="wp-block-image size-full is-resized"><img loading="lazy" decoding="async" width="399" height="224" src="https://www.hofosshistorieforening.no/wp-content/uploads/2019/11/Traktorer.jpg" alt="" class="wp-image-431" style="width:399px;height:auto" srcset="https://www.hofosshistorieforening.no/wp-content/uploads/2019/11/Traktorer.jpg 399w, https://www.hofosshistorieforening.no/wp-content/uploads/2019/11/Traktorer-300x168.jpg 300w, https://www.hofosshistorieforening.no/wp-content/uploads/2019/11/Traktorer-150x84.jpg 150w" sizes="auto, (max-width: 399px) 100vw, 399px" /><figcaption class="wp-element-caption">Traktorutstilling</figcaption></figure>



<figure class="wp-block-image size-full"><img loading="lazy" decoding="async" width="398" height="224" src="https://www.hofosshistorieforening.no/wp-content/uploads/2019/11/samling-foran-låven.jpg" alt="" class="wp-image-428" srcset="https://www.hofosshistorieforening.no/wp-content/uploads/2019/11/samling-foran-låven.jpg 398w, https://www.hofosshistorieforening.no/wp-content/uploads/2019/11/samling-foran-låven-300x169.jpg 300w, https://www.hofosshistorieforening.no/wp-content/uploads/2019/11/samling-foran-låven-150x84.jpg 150w" sizes="auto, (max-width: 398px) 100vw, 398px" /><figcaption class="wp-element-caption">På tunet i Tæsstun</figcaption></figure>
</div>
</div>



<p>Alle bildene er tatt av Asgeir Norheim</p>



<hr class="wp-block-separator has-text-color has-vivid-cyan-blue-color has-css-opacity has-vivid-cyan-blue-background-color has-background is-style-wide"/>



<p class="has-text-align-center has-large-font-size">Program for dagen</p>



<p class="has-text-align-center">Kjære alle med løs eller fast tilknytning til Hofoss:&nbsp;</p>



<p class="has-text-align-center has-medium-font-size">Velkommen til</p>



<p class="has-text-align-center has-large-font-size"><strong>Hofossdagen</strong></p>



<p class="has-text-align-center has-medium-font-size">Lørdag 29. juni 2013, kl. 13 &#8211; 17</p>



<p class="has-text-align-center has-medium-font-size"><strong>Program</strong></p>



<div class="wp-block-columns is-layout-flex wp-container-core-columns-is-layout-9d6595d7 wp-block-columns-is-layout-flex">
<div class="wp-block-column is-layout-flow wp-block-column-is-layout-flow" style="flex-basis:18.87%"></div>



<div class="wp-block-column is-layout-flow wp-block-column-is-layout-flow" style="flex-basis:61.13%">
<ol class="wp-block-list">
<li> Velkommen v/Dag Kjensjord </li>



<li> Foredrag v/Thor Olsen: Om Hofoss på 1950-tallet </li>



<li> Kaffe og kaker </li>



<li> Musikalsk innslag ved Tor Aarstad </li>



<li> Vi går kulturstien om kvenna, Åflodammen og posteringa </li>
</ol>
</div>



<div class="wp-block-column is-layout-flow wp-block-column-is-layout-flow" style="flex-basis:20%"></div>
</div>



<hr class="wp-block-separator has-text-color has-vivid-cyan-blue-color has-css-opacity has-vivid-cyan-blue-background-color has-background is-style-wide"/>



<p><strong>Utstilling i låven v/ Elisabeth Haug</strong><br>Ta gjerne med noe å sitte på; ta også med egne fortellinger og minner fra Hofoss. Vi møtes på tunet i Tæsstu’n.</p>



<p>Spørsmål kan rettes til Erlend Strand på <a href="mailto:erlendstr@gmail.com">erlendstr@gmail.com</a>, 99 27 37 92 eller <a href="https://www.facebook.com/groups/471340152880267/">Facebook-gruppa</a> til Hofoss historieforening.</p>



<p>Med hilsen<br><strong>Hofoss historieforening</strong><br></p>



<p class="has-medium-font-size"><strong>Linker til foredrag og sanger</strong></p>



<ul class="wp-block-list">
<li><a href="https://www.hofosshistorieforening.no/?page_id=441">Thors foredrag </a></li>



<li><a href="https://www.hofosshistorieforening.no/?page_id=449">Sanger fremført av Tor Aarstad</a> (tekster og noteark)</li>
</ul>



<p></p>

<p>Lørdag 29. juni 2013: Rundt 120 mennesker samlet seg på tunet i Tæsstun og bidro til en hyggelig Hofossdagen 2013, den andre i rekken. Thor Olsen holdt et morsomt og rikholdig&nbsp;foredrag&nbsp;i vognskjulet, om sin oppvekst på Hofoss på 1950-tallet. I fjøset underholdt Tor Aarstad med gitar, sang og historier. Ola&#8230;</p>
<p> <a class="continue-reading-link" href="https://www.hofosshistorieforening.no/?page_id=424"><span>Continue reading</span><i class="crycon-right-dir"></i></a> </p>
