{"id":43,"date":"2019-10-28T19:08:25","date_gmt":"2019-10-28T18:08:25","guid":{"rendered":"http:\/\/172.105.75.139\/?page_id=43"},"modified":"2026-03-16T16:31:33","modified_gmt":"2026-03-16T15:31:33","slug":"hofossdagen-2017","status":"publish","type":"page","link":"https:\/\/www.hofosshistorieforening.no\/?page_id=43","title":{"rendered":"Hofossdagene"},"content":{"rendered":"\n<p>Her finner du innkallinger og program for Hofossdagene<\/p>\n\n\n\n<div class=\"wp-block-columns has-2-columns is-layout-flex wp-container-core-columns-is-layout-9d6595d7 wp-block-columns-is-layout-flex\">\n<div class=\"wp-block-column is-layout-flow wp-block-column-is-layout-flow\">\n<p class=\"has-medium-font-size\"><strong>HOFOSSDAGEN<\/strong><\/p>\n\n\n\n<p> Hofossdagen er et \u00e5rlig treff for oss hofossinger, som g\u00e5r av stabelen siste l\u00f8rdag i juni, p\u00e5 tunet i T\u00e6sstun. Den f\u00f8rste Hofossdagen ble avholdt i 2012. Vi satser p\u00e5 \u00e5 variere innslagene fra \u00e5r til \u00e5r, og byr p\u00e5 faglige s\u00e5vel som underholdende innslag. Hofossdagen har v\u00e6rt en suksess s\u00e5 langt, med rundt 100 gjester hvert \u00e5r. Vi h\u00e5per p\u00e5 fortsatt oppslutning i \u00e5rene som kommer. <\/p>\n<\/div>\n\n\n\n<div class=\"wp-block-column is-layout-flow wp-block-column-is-layout-flow\">\n<figure class=\"wp-block-image\"><img loading=\"lazy\" decoding=\"async\" width=\"1024\" height=\"406\" src=\"http:\/\/172.105.75.139\/wp-content\/uploads\/2019\/11\/Hofossdagen-samling-1024x406.jpg\" alt=\"\" class=\"wp-image-201\" srcset=\"https:\/\/www.hofosshistorieforening.no\/wp-content\/uploads\/2019\/11\/Hofossdagen-samling-1024x406.jpg 1024w, https:\/\/www.hofosshistorieforening.no\/wp-content\/uploads\/2019\/11\/Hofossdagen-samling-300x119.jpg 300w, https:\/\/www.hofosshistorieforening.no\/wp-content\/uploads\/2019\/11\/Hofossdagen-samling-768x305.jpg 768w, https:\/\/www.hofosshistorieforening.no\/wp-content\/uploads\/2019\/11\/Hofossdagen-samling-150x59.jpg 150w\" sizes=\"auto, (max-width: 1024px) 100vw, 1024px\" \/><figcaption class=\"wp-element-caption\"><em>Bilde fra en av Hofossdagene<\/em><\/figcaption><\/figure>\n\n\n\n<p><\/p>\n<\/div>\n<\/div>\n\n\n\n<ul class=\"wp-block-list\">\n<li><a href=\"https:\/\/www.hofosshistorieforening.no\/?page_id=420\">Hofossdagen 2012<\/a> &#8211; Tema: Kultustien og Trond Nordby sin barndom p\u00e5 Hofoss<\/li>\n\n\n\n<li><a href=\"https:\/\/www.hofosshistorieforening.no\/?page_id=424\">Hofossdagen 2013<\/a> &#8211; Tema: Thor Olsens sin barndom p\u00e5 Hofoss<\/li>\n\n\n\n<li><a href=\"https:\/\/www.hofosshistorieforening.no\/?page_id=886\">Hofossdagen 2014<\/a> &#8211; Tema: Hofoss skanse p\u00e5 16- og 1700 tallet og utstilling av bilder<\/li>\n\n\n\n<li><a href=\"https:\/\/www.hofosshistorieforening.no\/?page_id=880\">Hofossdagen 2015<\/a> &#8211; Tema: Halvorstuen 100 \u00e5r og utstilling av Gunnar \u00d8stb\u00f8l sine bilder<\/li>\n\n\n\n<li><a href=\"https:\/\/www.hofosshistorieforening.no\/?page_id=875\">Hofossdagen 2016<\/a> &#8211; Tema: Landsering av boka &#8220;Hofoss i verda&#8221; og uroppf\u00f8ring av komp. til Fjellsj\u00f8diktet<\/li>\n\n\n\n<li><a href=\"https:\/\/www.hofosshistorieforening.no\/?page_id=47\">Hofossdagen 2017<\/a> &#8211; Tema: Hofossmusikken, konsert og foredrag<\/li>\n\n\n\n<li><a href=\"https:\/\/www.hofosshistorieforening.no\/?page_id=50\">Hofossdagen 2018<\/a> &#8211; Tema: Spanskesyken<\/li>\n\n\n\n<li><a href=\"https:\/\/www.hofosshistorieforening.no\/?page_id=52\">Hofossdagen 2019<\/a> &#8211; Tema: Landsering av boka &#8220;Folkelige toner over djupe skoger&#8221;<\/li>\n\n\n\n<li><a href=\"https:\/\/www.hofosshistorieforening.no\/?page_id=1345\" data-type=\"page\" data-id=\"1345\">Hofossdagen 2021<\/a> &#8211; Tema: Landsering av boka &#8220;T\u00f8mmerfl\u00f8ting i Skasvassdraget og Glomma&#8221;<\/li>\n\n\n\n<li><a href=\"https:\/\/www.hofosshistorieforening.no\/?page_id=1218\" data-type=\"page\" data-id=\"1218\">Hofossdagen 2022<\/a> &#8211; Tema: Hofosskompaniet<\/li>\n\n\n\n<li><a href=\"https:\/\/www.hofosshistorieforening.no\/?page_id=1234\" data-type=\"page\" data-id=\"1234\">Hofossdagen 2023<\/a> &#8211; Tema: Landsering av boka &#8220;En finnskogdikters liv og forfatterskap&#8221;<\/li>\n\n\n\n<li><a href=\"https:\/\/www.hofosshistorieforening.no\/?page_id=1326\" data-type=\"page\" data-id=\"1326\">Hofossdagen 2024<\/a> &#8211; Tema: Ferieminner fra 1940 og 50-\u00e5ra<\/li>\n\n\n\n<li><a href=\"https:\/\/www.hofosshistorieforening.no\/?page_id=1309\" data-type=\"page\" data-id=\"1309\">Hofossdagen 2025<\/a> &#8211; Tema: Hofoss m\u00f8lle<\/li>\n<\/ul>\n\n\n\n<p><\/p>\n","protected":false},"excerpt":{"rendered":"<p>Her finner du innkallinger og program for Hofossdagene HOFOSSDAGEN Hofossdagen er et \u00e5rlig treff for oss hofossinger, som g\u00e5r av stabelen siste l\u00f8rdag i juni, p\u00e5 tunet i T\u00e6sstun. Den f\u00f8rste Hofossdagen ble avholdt i 2012. Vi satser p\u00e5 \u00e5 variere innslagene fra \u00e5r til \u00e5r, og byr p\u00e5 faglige&#8230;<\/p>\n<p> <a class=\"continue-reading-link\" href=\"https:\/\/www.hofosshistorieforening.no\/?page_id=43\"><span>Continue reading<\/span><i class=\"crycon-right-dir\"><\/i><\/a> <\/p>\n","protected":false},"author":2,"featured_media":0,"parent":0,"menu_order":0,"comment_status":"closed","ping_status":"closed","template":"","meta":{"footnotes":""},"class_list":["post-43","page","type-page","status-publish","hentry"],"_links":{"self":[{"href":"https:\/\/www.hofosshistorieforening.no\/index.php?rest_route=\/wp\/v2\/pages\/43","targetHints":{"allow":["GET"]}}],"collection":[{"href":"https:\/\/www.hofosshistorieforening.no\/index.php?rest_route=\/wp\/v2\/pages"}],"about":[{"href":"https:\/\/www.hofosshistorieforening.no\/index.php?rest_route=\/wp\/v2\/types\/page"}],"author":[{"embeddable":true,"href":"https:\/\/www.hofosshistorieforening.no\/index.php?rest_route=\/wp\/v2\/users\/2"}],"replies":[{"embeddable":true,"href":"https:\/\/www.hofosshistorieforening.no\/index.php?rest_route=%2Fwp%2Fv2%2Fcomments&post=43"}],"version-history":[{"count":23,"href":"https:\/\/www.hofosshistorieforening.no\/index.php?rest_route=\/wp\/v2\/pages\/43\/revisions"}],"predecessor-version":[{"id":1430,"href":"https:\/\/www.hofosshistorieforening.no\/index.php?rest_route=\/wp\/v2\/pages\/43\/revisions\/1430"}],"wp:attachment":[{"href":"https:\/\/www.hofosshistorieforening.no\/index.php?rest_route=%2Fwp%2Fv2%2Fmedia&parent=43"}],"curies":[{"name":"wp","href":"https:\/\/api.w.org\/{rel}","templated":true}]}}