{"id":50,"date":"2019-10-28T19:23:05","date_gmt":"2019-10-28T18:23:05","guid":{"rendered":"http:\/\/172.105.75.139\/?page_id=50"},"modified":"2026-03-14T16:26:05","modified_gmt":"2026-03-14T15:26:05","slug":"hofossdagen-2018","status":"publish","type":"page","link":"https:\/\/www.hofosshistorieforening.no\/?page_id=50","title":{"rendered":"Hofossdagen &#8211; 2018"},"content":{"rendered":"\n<p class=\"has-medium-font-size\"><strong>Hofossdagen ble arrangert 30. juni <\/strong><\/p>\n\n\n\n<p> <em>Tekst Gunn L\u00f8vtjernet. Bildene er utl\u00e5nt av Jon Arne Foss.<\/em> <\/p>\n\n\n\n<div class=\"wp-block-columns is-layout-flex wp-container-core-columns-is-layout-9d6595d7 wp-block-columns-is-layout-flex\">\n<div class=\"wp-block-column is-layout-flow wp-block-column-is-layout-flow\">\n<figure class=\"wp-block-image size-large\"><img decoding=\"async\" src=\"https:\/\/www.hofosshistorieforening.no\/\/wp-content\/uploads\/2020\/01\/Forsamling1-hofoss2018.jpg\" alt=\"\"\/><\/figure>\n\n\n\n<p><em>I \u00e5r hadde Hofossdagen 7-\u00e5rsjubileum og 70-80 <\/em> <em>personer koste seg i det fine v\u00e6ret.<\/em> <em> <\/em><\/p>\n\n\n\n<p>Leder i Hofoss Historieforening, Dag\nKjensjord, \u00f8nsket velkommen. <\/p>\n\n\n\n<figure class=\"wp-block-image size-large\"><img decoding=\"async\" src=\"https:\/\/www.hofosshistorieforening.no\/\/wp-content\/uploads\/2020\/01\/Trond-trkkspill-hofoss2018.jpg\" alt=\"\"\/><\/figure>\n\n\n\n<p><em>Trond Aarstad underholdt ogs\u00e5 i \u00e5r med gamle <\/em> <em>Hofossl\u00e5ter komponert av Anton Hofoss, deriblant den vakre<\/em>  <em>melodien om Fjeldsj\u00f8en og Hofossangen.<\/em><\/p>\n\n\n\n<p>\u00c5rets foredragstema var Spanskesyken som raste over hele verden i 1918-19, alts\u00e5 for 100 \u00e5r siden.<\/p>\n\n\n\n<figure class=\"wp-block-image size-large\"><img decoding=\"async\" src=\"https:\/\/www.hofosshistorieforening.no\/\/wp-content\/uploads\/2020\/01\/Mamelund-hofoss2018.png\" alt=\"\"\/><\/figure>\n\n\n\n<p><em>Seniorforsker ved Arbeidsforskningsinstituttet, Svenn-Erik<\/em>  <em>Mamelund holdt et sv\u00e6rt interessant og spennende k\u00e5seri<\/em>  <em>om sykdommen.<\/em> <\/p>\n<\/div>\n\n\n\n<div class=\"wp-block-column is-layout-flow wp-block-column-is-layout-flow\">\n<p>Sykdommen var en influensaepedemi og tok 13 &#8211; 15000 menneskeliv i Norge. De fleste d\u00f8de av lungsbetennelse og andre lungekomplikasjoner. Rundt 1 million personer antas \u00e5 ha v\u00e6rt smittet.  P\u00e5 verdensbasis krevde spanskesyken 50 -100  millioner liv. <\/p>\n\n\n\n<figure class=\"wp-block-image size-large\"><img decoding=\"async\" src=\"https:\/\/www.hofosshistorieforening.no\/\/wp-content\/uploads\/2020\/01\/Noer-hofoss2018.jpg\" alt=\"\"\/><\/figure>\n\n\n\n<p><em>Inger Noer fortalte om omfanget av spanskesyken i v\u00e5rt<\/em>  <em>omr\u00e5de.<\/em> <\/p>\n\n\n\n<p>Det var folk i sin beste alder, gjerne\nunge og friske som d\u00f8de f\u00f8rst.<\/p>\n\n\n\n<p>\u00c5rets temautstilling p\u00e5 Anno Museum,\nKongsvingerregionen (Gyldenborg) er \u201dSpansken\u201d som sykdommen ble kalt lokalt.<\/p>\n\n\n\n<figure class=\"wp-block-image size-large\"><img decoding=\"async\" src=\"https:\/\/www.hofosshistorieforening.no\/\/wp-content\/uploads\/2020\/01\/Forsamling2-hofoss2018.jpg\" alt=\"\"\/><\/figure>\n\n\n\n<p>Som vanlig var det vafler og kaffe, p\u00f8lser og brus \u00e5 f\u00e5 kj\u00f8pt p\u00e5 Hofossdagen, noe de framm\u00f8tte gjerne benyttet seg av.  I en koselig kaffeprat med gamle kjente kunne en ogs\u00e5  snakke om annet enn sykdom og d\u00f8d. <\/p>\n<\/div>\n<\/div>\n\n\n\n<p><strong>Video fra arrangementet<\/strong><\/p>\n\n\n\n<p><a href=\"https:\/\/youtu.be\/hGDyFGzex8w\">Klikk her for \u00e5 se video<\/a>en<br>Foto og redigering: Erik Sl\u00e5stad<\/p>\n","protected":false},"excerpt":{"rendered":"<p>Hofossdagen ble arrangert 30. juni Tekst Gunn L\u00f8vtjernet. Bildene er utl\u00e5nt av Jon Arne Foss. I \u00e5r hadde Hofossdagen 7-\u00e5rsjubileum og 70-80 personer koste seg i det fine v\u00e6ret. Leder i Hofoss Historieforening, Dag Kjensjord, \u00f8nsket velkommen. Trond Aarstad underholdt ogs\u00e5 i \u00e5r med gamle Hofossl\u00e5ter komponert av Anton Hofoss,&#8230;<\/p>\n<p> <a class=\"continue-reading-link\" href=\"https:\/\/www.hofosshistorieforening.no\/?page_id=50\"><span>Continue reading<\/span><i class=\"crycon-right-dir\"><\/i><\/a> <\/p>\n","protected":false},"author":2,"featured_media":0,"parent":0,"menu_order":0,"comment_status":"closed","ping_status":"closed","template":"templates\/template-onecolumn.php","meta":{"footnotes":""},"class_list":["post-50","page","type-page","status-publish","hentry"],"_links":{"self":[{"href":"https:\/\/www.hofosshistorieforening.no\/index.php?rest_route=\/wp\/v2\/pages\/50","targetHints":{"allow":["GET"]}}],"collection":[{"href":"https:\/\/www.hofosshistorieforening.no\/index.php?rest_route=\/wp\/v2\/pages"}],"about":[{"href":"https:\/\/www.hofosshistorieforening.no\/index.php?rest_route=\/wp\/v2\/types\/page"}],"author":[{"embeddable":true,"href":"https:\/\/www.hofosshistorieforening.no\/index.php?rest_route=\/wp\/v2\/users\/2"}],"replies":[{"embeddable":true,"href":"https:\/\/www.hofosshistorieforening.no\/index.php?rest_route=%2Fwp%2Fv2%2Fcomments&post=50"}],"version-history":[{"count":8,"href":"https:\/\/www.hofosshistorieforening.no\/index.php?rest_route=\/wp\/v2\/pages\/50\/revisions"}],"predecessor-version":[{"id":1404,"href":"https:\/\/www.hofosshistorieforening.no\/index.php?rest_route=\/wp\/v2\/pages\/50\/revisions\/1404"}],"wp:attachment":[{"href":"https:\/\/www.hofosshistorieforening.no\/index.php?rest_route=%2Fwp%2Fv2%2Fmedia&parent=50"}],"curies":[{"name":"wp","href":"https:\/\/api.w.org\/{rel}","templated":true}]}}