{"id":52,"date":"2019-10-28T19:24:13","date_gmt":"2019-10-28T18:24:13","guid":{"rendered":"http:\/\/172.105.75.139\/?page_id=52"},"modified":"2026-03-12T20:44:07","modified_gmt":"2026-03-12T19:44:07","slug":"hofossdagen-2019","status":"publish","type":"page","link":"https:\/\/www.hofosshistorieforening.no\/?page_id=52","title":{"rendered":"Hofossdagen &#8211; 2019"},"content":{"rendered":"\n<p> Tekst: Roger Granseth, bilder: Marit Granseth <\/p>\n\n\n\n<div class=\"wp-block-columns is-layout-flex wp-container-core-columns-is-layout-9d6595d7 wp-block-columns-is-layout-flex\">\n<div class=\"wp-block-column is-layout-flow wp-block-column-is-layout-flow\">\n<p>Mortfisker\u2019n fra Smedstad og\ntidligere Brane-keeper \u2013 ja, det er vel kun p\u00e5 Hofoss at Trond Nordby vil bli\nintrodusert slik leder av Hofoss Historieforening, Dag Kjensjord, gjorde det\nunder sin innledning av \u00e5rets Hofossdag.<\/p>\n\n\n\n<figure class=\"wp-block-image size-large\"><img loading=\"lazy\" decoding=\"async\" width=\"639\" height=\"473\" src=\"https:\/\/www.hofosshistorieforening.no\/wp-content\/uploads\/2020\/01\/Dag-hofoss2019.jpg\" alt=\"\" class=\"wp-image-855\" srcset=\"https:\/\/www.hofosshistorieforening.no\/wp-content\/uploads\/2020\/01\/Dag-hofoss2019.jpg 639w, https:\/\/www.hofosshistorieforening.no\/wp-content\/uploads\/2020\/01\/Dag-hofoss2019-300x222.jpg 300w, https:\/\/www.hofosshistorieforening.no\/wp-content\/uploads\/2020\/01\/Dag-hofoss2019-150x111.jpg 150w\" sizes=\"auto, (max-width: 639px) 100vw, 639px\" \/><\/figure>\n\n\n\n<p><em>Dag\nKjensjord<\/em><\/p>\n\n\n\n<p>Trond var invitert til \u00e5 fortelle\nfra sin nye bok \u00abFolkelige toner over djupe skoger\u00bb, illustrert av den lokale\nkunstneren Tore Hansen. M\u00e5let med boka har v\u00e6rt \u00e5 kartlegge de varierende\nmusikalske uttrykk og finne ut mer om kulturene som frembrakte og omgav\nmusikken fra Sol\u00f8r og tidligere Brandval sokn i perioden fra 1660-tallet og\nfram til slutten av 1800-tallet. Fra boka snakket Trond mest om mytene om\nHalteguten, som han har skrevet en artikkel om i Brandvalitten. Han avsl\u00f8rte i\ntillegg \u00e5 ha startet arbeidet med en ny bok som skal handle om t\u00f8mmerfl\u00f8tinga i\nSkasvassdraget. Boka vil ta for seg b\u00e5de teknologien bak og kulturen rundt\nt\u00f8mmerfl\u00f8tinga. <\/p>\n\n\n\n<figure class=\"wp-block-image size-large\"><img decoding=\"async\" src=\"https:\/\/www.hofosshistorieforening.no\/wp-content\/uploads\/2020\/01\/Trond-signering-hofoss2019.jpg\" alt=\"\"\/><\/figure>\n\n\n\n<p><em>I\ntillegg til k\u00e5seri ble det boksignering p\u00e5 Trond.<\/em><\/p>\n<\/div>\n\n\n\n<div class=\"wp-block-column is-layout-flow wp-block-column-is-layout-flow\">\n<p>Programmet for Hofossdagen inneholdt\nogs\u00e5 folkelige toner fremf\u00f8rt av Trond Aarstad p\u00e5 trekkspill.&nbsp; Han spilte f\u00f8rst tre komposisjoner av Anton\nHofoss, den lokale komponisten som i sin tid var drivkraften i Hofossmusikken. S\u00e5\nledet han allsangen som bestod av to av hans egne komposisjoner; \u00abFjeldsj\u00f8en\u00bb\n(tekst: Olaf Hofoss) og \u00abHok\u00e5sens egen sang\u00bb (tekst: Trond Aarstad).<\/p>\n\n\n\n<figure class=\"wp-block-image size-full\"><img loading=\"lazy\" decoding=\"async\" width=\"639\" height=\"479\" src=\"https:\/\/www.hofosshistorieforening.no\/wp-content\/uploads\/2020\/01\/Trond-trekkspill-hofoss2019.jpg\" alt=\"\" class=\"wp-image-854\" srcset=\"https:\/\/www.hofosshistorieforening.no\/wp-content\/uploads\/2020\/01\/Trond-trekkspill-hofoss2019.jpg 639w, https:\/\/www.hofosshistorieforening.no\/wp-content\/uploads\/2020\/01\/Trond-trekkspill-hofoss2019-300x225.jpg 300w, https:\/\/www.hofosshistorieforening.no\/wp-content\/uploads\/2020\/01\/Trond-trekkspill-hofoss2019-150x112.jpg 150w\" sizes=\"auto, (max-width: 639px) 100vw, 639px\" \/><figcaption class=\"wp-element-caption\">Trond Aarstad<\/figcaption><\/figure>\n\n\n\n<p>I pausen var det anledning til \u00e5\nkj\u00f8pe Trond Nordby sin nye bok og ogs\u00e5 hans forrige, \u00abHofoss i verda\u00bb. Begge\nble velvillig signert av forfatteren.&nbsp; Pausen\nga ogs\u00e5 tid til \u00e5 sl\u00e5 av en prat rundt bordene samt gj\u00f8re innkj\u00f8p av kaffe,\nvafler m.m. fra kiosken.&nbsp; <\/p>\n\n\n\n<p>Dr\u00f8yt 100 personer hadde tatt\nturen til Halvorstun i godt sommerv\u00e6r denne siste l\u00f8rdagen i juni. Det\nvellykkede arrangementet ble avsluttet med en historisk vandring i kulturstien\nunder ledelse av Thor Olsen, for dem som \u00f8nsket \u00e5 v\u00e6re med. <\/p>\n\n\n\n<figure class=\"wp-block-image size-large\"><img loading=\"lazy\" decoding=\"async\" width=\"639\" height=\"425\" src=\"https:\/\/www.hofosshistorieforening.no\/wp-content\/uploads\/2020\/01\/Forsamling-hofoss2019.jpg\" alt=\"\" class=\"wp-image-856\" srcset=\"https:\/\/www.hofosshistorieforening.no\/wp-content\/uploads\/2020\/01\/Forsamling-hofoss2019.jpg 639w, https:\/\/www.hofosshistorieforening.no\/wp-content\/uploads\/2020\/01\/Forsamling-hofoss2019-300x200.jpg 300w, https:\/\/www.hofosshistorieforening.no\/wp-content\/uploads\/2020\/01\/Forsamling-hofoss2019-150x100.jpg 150w\" sizes=\"auto, (max-width: 639px) 100vw, 639px\" \/><\/figure>\n<\/div>\n<\/div>\n\n\n\n<p><strong>Video fra arrangementet<\/strong><\/p>\n\n\n\n<p class=\"has-medium-font-size\"><a href=\"https:\/\/youtu.be\/umOs7Q49uHE\">Klikk her for \u00e5 se videoen<\/a><\/p>\n\n\n\n<p>Foto og redigering: Erik Sl\u00e5stad<\/p>\n","protected":false},"excerpt":{"rendered":"<p>Tekst: Roger Granseth, bilder: Marit Granseth Mortfisker\u2019n fra Smedstad og tidligere Brane-keeper \u2013 ja, det er vel kun p\u00e5 Hofoss at Trond Nordby vil bli introdusert slik leder av Hofoss Historieforening, Dag Kjensjord, gjorde det under sin innledning av \u00e5rets Hofossdag. Dag Kjensjord Trond var invitert til \u00e5 fortelle fra&#8230;<\/p>\n<p> <a class=\"continue-reading-link\" href=\"https:\/\/www.hofosshistorieforening.no\/?page_id=52\"><span>Continue reading<\/span><i class=\"crycon-right-dir\"><\/i><\/a> <\/p>\n","protected":false},"author":2,"featured_media":0,"parent":0,"menu_order":0,"comment_status":"closed","ping_status":"closed","template":"templates\/template-onecolumn.php","meta":{"footnotes":""},"class_list":["post-52","page","type-page","status-publish","hentry"],"_links":{"self":[{"href":"https:\/\/www.hofosshistorieforening.no\/index.php?rest_route=\/wp\/v2\/pages\/52","targetHints":{"allow":["GET"]}}],"collection":[{"href":"https:\/\/www.hofosshistorieforening.no\/index.php?rest_route=\/wp\/v2\/pages"}],"about":[{"href":"https:\/\/www.hofosshistorieforening.no\/index.php?rest_route=\/wp\/v2\/types\/page"}],"author":[{"embeddable":true,"href":"https:\/\/www.hofosshistorieforening.no\/index.php?rest_route=\/wp\/v2\/users\/2"}],"replies":[{"embeddable":true,"href":"https:\/\/www.hofosshistorieforening.no\/index.php?rest_route=%2Fwp%2Fv2%2Fcomments&post=52"}],"version-history":[{"count":16,"href":"https:\/\/www.hofosshistorieforening.no\/index.php?rest_route=\/wp\/v2\/pages\/52\/revisions"}],"predecessor-version":[{"id":1401,"href":"https:\/\/www.hofosshistorieforening.no\/index.php?rest_route=\/wp\/v2\/pages\/52\/revisions\/1401"}],"wp:attachment":[{"href":"https:\/\/www.hofosshistorieforening.no\/index.php?rest_route=%2Fwp%2Fv2%2Fmedia&parent=52"}],"curies":[{"name":"wp","href":"https:\/\/api.w.org\/{rel}","templated":true}]}}